at is the highest common factor of d and w?
10
Let x = -22 + 23. Calculate the greatest common divisor of 9 and x.
1
Let b(n) = n**3 + 6*n**2 - 18*n - 11. Let k be b(-8). What is the highest common divisor of 25 and k?
5
Suppose 0*s = -2*s. Suppose -2*c + 5*o + 13 = s, 1 = 3*c + 2*o - 66. Let t = 28 - c. Calculate the highest common factor of t and 90.
9
Let x(k) = 7*k + 54. Let c be x(-7). Let l = -79 - -134. What is the highest common divisor of l and c?
5
Let g = 8 - 8. Suppose g*o + 108 = o. Let d(w) = 3*w**3 - 2*w**2 + 2*w - 2. Let p be d(2). What is the highest common factor of p and o?
18
Let u(j) = j - 3. Let v be u(5). Let p = -16 + 33. Let g = p - v. What is the highest common divisor of 15 and g?
15
Let g = 471 + -229. Calculate the greatest common divisor of g and 22.
22
Suppose -5 = 2*h - 23. Suppose 3*r - 40 - 14 = 0. What is the highest common factor of r and h?
9
Let j(n) be the third derivative of 0 + 0*n + 2*n**2 - 1/4*n**4 + 1/3*n**3. Let d be j(-2). Calculate the highest common factor of 14 and d.
14
Let x(h) = 3*h**2 - 4*h + 4. Let c be x(4). What is the greatest common factor of c and 90?
18
Let g = -226 - -228. Suppose -o - 31 = -2*d - d, 3*d = 6. Let a = o + 41. What is the greatest common divisor of g and a?
2
Suppose 4*i + 5*t = 802 + 1127, 1438 = 3*i - 5*t. Suppose 5*f = -b + i, -311 = -3*f + b + 4*b. Let y = 39 + f. Calculate the highest common factor of 17 and y.
17
Let w(u) = u**2 - 2. Let v be w(-2). Let y be v/(-6)*(-60 - 6). What is the greatest common factor of y and 33?
11
Let x(u) = -12*u - 4. Let m be x(-5). Suppose 15 = -3*r, 5*r + 12 + 21 = f. Calculate the greatest common divisor of f and m.
8
Suppose -361 - 266 = -3*y. Calculate the greatest common divisor of y and 19.
19
Suppose -s = -3*s + 64. Suppose 2*p = 4*p - 16. What is the greatest common factor of s and p?
8
Suppose -4*l - 4 = -5*l. Suppose 0*y - 13 = 5*y + x, 2*y = -l*x - 16. Let h be 3/2 + (-21)/y. Calculate the highest common factor of 132 and h.
12
Suppose 2*g - q = 9, 2*g + q + 2 = 17. Calculate the greatest common divisor of g and 3.
3
Let y = -125 - -400. What is the greatest common divisor of y and 25?
25
Let q be (-2)/8 - (-65)/4. Let j(p) = p + 24 - 5*p + 4*p + p. Let t be j(0). Calculate the highest common divisor of q and t.
8
Let l = 40 + -18. Suppose -2*n + 13 = -75. What is the greatest common factor of n and l?
22
Suppose 2*g + 3*m = 69 - 2, -g + 31 = -m. What is the highest common factor of 16 and g?
16
Let c be (-2 - 6)*(-1)/2. Let y be (-12)/(-18) - (-7)/3. Suppose 3*v - 31 = -y*s - 7, s = 3*v - c. What is the greatest common divisor of 40 and s?
5
Let q be 108/10 - (-10)/50. Calculate the greatest common divisor of 11 and q.
11
Let x = 9 + -7. Suppose 2*j = 5*j + 5*v - 118, x*j = 4*v + 86. Suppose 2*b - j - 7 = 0. Calculate the highest common divisor of b and 6.
6
Let l be 1/(-2)*(-260)/10. What is the highest common factor of l and 104?
13
Let y be (-1 - 0) + -2 - -9. Let p = 119 + -77. What is the greatest common divisor of p and y?
6
Let m be 60/4 + 3 - 0. Suppose 3*w = r - 39, -2*w = -4*r + w + 174. Calculate the highest common factor of m and r.
9
Let a be (-4 + 1 + 1)/(-2). Let z be (1 + 2 + -2)*a. Calculate the greatest common factor of 1 and z.
1
Let o(w) = -w**3 + 6*w**2 - 2*w - 6. Let j be o(5). What is the highest common divisor of 6 and j?
3
Let k be -2 + (-3)/((-3)/(-7)). Let m = -6 - k. Suppose -3*j - m + 9 = 0. What is the highest common divisor of j and 16?
2
Let v(g) = g + 5. Let i be v(8). Calculate the highest common factor of 91 and i.
13
Suppose -m = 6*s - s - 166, 90 = 3*s + 3*m. What is the highest common factor of 51 and s?
17
Let b = -12 + 28. Suppose -d = -3*d + b. What is the greatest common factor of 16 and d?
8
Let d(c) = -c**3 + 6*c**2 - 5*c - 3. Let s be d(4). What is the greatest common factor of s and 45?
9
Let y be (-154)/(-1)*(-2)/(-4). Let c(z) = 4*z - 5. Let u be c(4). What is the greatest common divisor of y and u?
11
Let a be (54/(-12))/((-3)/4). Let f be (-16)/a*135/(-18). Let b be (-5)/f + 41/4. Calculate the highest common divisor of 2 and b.
2
Suppose 3*r - 72 = -16*h + 13*h, 3*r + h = 68. What is the greatest common divisor of r and 33?
11
Suppose -105 = -214*s + 209*s. What is the highest common factor of s and 147?
21
Suppose 3*f + 0*w - 61 = w, 5*f + 2*w - 87 = 0. What is the greatest common divisor of f and 38?
19
Suppose 3*j - 4*j - 7 = 0. Let b be (-10)/(-35) - 159/j. Calculate the highest common divisor of b and 161.
23
Let i be 123*-1*6/(-9). What is the highest common factor of i and 205?
41
Let q be (-30)/4*16/(-12). Suppose -2*s + 0 = -q. Calculate the greatest common factor of s and 45.
5
Let u be 3/(-6)*2 + 2. Suppose 0 = -5*f + r + 32, 2*f - 4*r + u = 3. What is the highest common divisor of f and 49?
7
Suppose 4*h - 17 - 3 = 3*c, -3*c = 0. Let k be ((-3)/9)/((-230)/225 - -1). What is the greatest common factor of h and k?
5
Let b be 2*(-4)/((-32)/76). Suppose -5*q - 3*r = -43, -3*q = -5*r - 0*r - b. Calculate the greatest common divisor of 8 and q.
8
Let u be 4 - (-105)/(-10)*(-2)/1. What is the highest common divisor of 225 and u?
25
Suppose 4*k - 202 + 22 = 0. Suppose 5*j - 320 = -4*v, -2*v - 3*v + 4*j = -359. Let u = v - k. Calculate the highest common factor of 10 and u.
10
Suppose -3*v = 0, -x - 5*v = 2*x - 165. Suppose j = 6*j + a - x, 3*j + 3*a - 33 = 0. What is the greatest common divisor of j and 11?
11
Let o(a) = -a**2 + 5*a + 89. Let b be o(-7). Let z(g) = g**2 + g + 45. Let c be z(0). What is the greatest common factor of b and c?
5
Suppose -1 + 7 = -2*z, -2*v + 4*z + 18 = 0. Calculate the highest common factor of 9 and v.
3
Suppose 7*j = -27 + 181. Calculate the greatest common divisor of 198 and j.
22
Suppose -3*d - d + 12 = 0. Suppose 0 = d*u - 25 - 185. What is the greatest common factor of u and 10?
10
Let h(n) = -n**3 + 14*n**2 - 21*n - 2. Let u be h(11). What is the highest common factor of 10 and u?
10
Suppose 7*p + 16 = 11*p. Suppose l - 13 = -p. What is the highest common divisor of l and 63?
9
Let x be (-2)/2*(1 - 5). Suppose -2*r + 229 = 3*y, 116 = x*r - 3*r + 2*y. Calculate the greatest common divisor of r and 10.
10
Suppose -31 = -2*i - 0*d - d, -52 = -3*i + 4*d. What is the highest common factor of 24 and i?
8
Let d(u) = u**3 + 7*u**2 + 0*u**3 + 5*u - 2*u**3 - 2. Let h be d(4). Let i be 27/1 - (-5 - -10). What is the greatest common factor of i and h?
22
Let b(m) = 22*m + 11. Let s be b(2). What is the highest common factor of 33 and s?
11
Suppose 20 + 26 = 2*w. Let g = w + -3. Calculate the greatest common divisor of g and 50.
10
Suppose -u = -9 + 3. What is the highest common factor of 6 and u?
6
Suppose 4*f - 48 = -0. Calculate the highest common divisor of f and 132.
12
Suppose -2 = 4*r - 10. Suppose -l + 24 = r*l. Calculate the highest common divisor of 32 and l.
8
Suppose 0 = -3*f - 0*f - 2*b + 7, 3*b = 3*f - 12. Suppose 28 = 2*v - 4*p, 6*p = -f*v + 2*p + 32. Calculate the greatest common divisor of v and 18.
6
Let l(x) = 31*x - 8. Let b be l(5). Suppose -3*u = -10*u + b. Calculate the highest common factor of u and 3.
3
Suppose 2*n = 4*o - 30, o + 5 = 2*o + 2*n. Let w = 1 + o. Calculate the highest common factor of 56 and w.
8
Let z = 119 - 114. Let j be 10/((-3)/(-4) + -1). Let s = 75 + j. What is the greatest common divisor of z and s?
5
Let w = 22 + 23. Let t be (16/8)/(-1 - 10/(-9)). What is the greatest common divisor of t and w?
9
Let v be (-2)/(-2)*(1 + 4*3). Calculate the highest common divisor of v and 117.
13
Suppose 6*w - 3*w = 78. Calculate the highest common factor of 39 and w.
13
Suppose -20*w = -22*w + 48. What is the highest common factor of w and 12?
12
Let r be (-10 + 6)*90/(-4). Let w = r + -64. Let o = -61 + 100. What is the greatest common divisor of o and w?
13
Let l be 6/24 + 175/4. What is the greatest common divisor of 4 and l?
4
Suppose y + 3*y + 2*b - 140 = 0, 5*b + 20 = 0. Calculate the highest common divisor of y and 74.
37
Let p(u) = -u**2 - 20*u - 10. Let z be p(-15). Let l be ((-4)/10)/((-2)/130). What is the greatest common factor of z and l?
13
Let t = 10 + -2. Calculate the highest common divisor of 32 and t.
8
Suppose 20 = p - 5*p, s - 78 = -3*p. Suppose -2*d + i - 14 = -139, 3*i - 121 = -2*d.